{"id":196,"date":"2013-04-11T11:22:30","date_gmt":"2013-04-11T14:22:30","guid":{"rendered":"http:\/\/www.jorgeduardo.com\/?page_id=196"},"modified":"2013-06-18T12:18:19","modified_gmt":"2013-06-18T15:18:19","slug":"quadros","status":"publish","type":"page","link":"https:\/\/jorgeduardo.com.br\/old-site\/quadros\/","title":{"rendered":"Quadros"},"content":{"rendered":"<p>Tinta acr\u00edlica, tinta a \u00f3leo, suportes em diversos formatos, com total liberdade de medidas e propor\u00e7\u00f5es. Uso muito como suporte a madeira industrial, e, quando sinto a necessidade de uma textura, a tela \u00e9 a op\u00e7\u00e3o perfeita.<\/p>\n","protected":false},"excerpt":{"rendered":"<p>Tinta acr\u00edlica, tinta a \u00f3leo, suportes em diversos formatos, com total liberdade de medidas e propor\u00e7\u00f5es. Uso muito como suporte a madeira industrial, e, quando sinto a necessidade de uma textura, a tela \u00e9 a op\u00e7\u00e3o perfeita.<\/p>\n","protected":false},"author":1,"featured_media":0,"parent":0,"menu_order":0,"comment_status":"open","ping_status":"open","template":"gallery_2.php","meta":{"footnotes":""},"class_list":["post-196","page","type-page","status-publish","hentry"],"_links":{"self":[{"href":"https:\/\/jorgeduardo.com.br\/old-site\/wp-json\/wp\/v2\/pages\/196","targetHints":{"allow":["GET"]}}],"collection":[{"href":"https:\/\/jorgeduardo.com.br\/old-site\/wp-json\/wp\/v2\/pages"}],"about":[{"href":"https:\/\/jorgeduardo.com.br\/old-site\/wp-json\/wp\/v2\/types\/page"}],"author":[{"embeddable":true,"href":"https:\/\/jorgeduardo.com.br\/old-site\/wp-json\/wp\/v2\/users\/1"}],"replies":[{"embeddable":true,"href":"https:\/\/jorgeduardo.com.br\/old-site\/wp-json\/wp\/v2\/comments?post=196"}],"version-history":[{"count":6,"href":"https:\/\/jorgeduardo.com.br\/old-site\/wp-json\/wp\/v2\/pages\/196\/revisions"}],"predecessor-version":[{"id":261,"href":"https:\/\/jorgeduardo.com.br\/old-site\/wp-json\/wp\/v2\/pages\/196\/revisions\/261"}],"wp:attachment":[{"href":"https:\/\/jorgeduardo.com.br\/old-site\/wp-json\/wp\/v2\/media?parent=196"}],"curies":[{"name":"wp","href":"https:\/\/api.w.org\/{rel}","templated":true}]}}