{"id":232,"date":"2013-05-14T18:37:00","date_gmt":"2013-05-14T21:37:00","guid":{"rendered":"http:\/\/www.jorgeduardo.com\/?page_id=232"},"modified":"2013-06-18T12:15:33","modified_gmt":"2013-06-18T15:15:33","slug":"italia-2008","status":"publish","type":"page","link":"https:\/\/jorgeduardo.com.br\/old-site\/italia-2008\/","title":{"rendered":"It\u00e1lia 2008"},"content":{"rendered":"<p>As aquarelas feitas no lugar despertam muita curiosidade popular enquanto est\u00e3o sendo pintadas. A do Palazzo Sforzesco recebeu esse coment\u00e1rio de um senhor que disse, apontando para o pal\u00e1cio: &#8220;Su la carta \u00e9 meglio que l&#8217;originale&#8221;. Veneza, Assis, Mil\u00e3o, Siena e Floren\u00e7a sempre me encantam \u2014 tanto quanto na primeira vez em que estive l\u00e1, em 1958.<\/p>\n<p><img loading=\"lazy\" decoding=\"async\" class=\"alignleft size-full wp-image-243\" alt=\"caixa-de-aquarelas\" src=\"http:\/\/jorgeduardo.com.br\/old-site\/wp-content\/uploads\/caixa-de-aquarelas.jpg\" width=\"300\" height=\"256\" \/><\/p>\n","protected":false},"excerpt":{"rendered":"<p>As aquarelas feitas no lugar despertam muita curiosidade popular enquanto est\u00e3o sendo pintadas. A do Palazzo Sforzesco recebeu esse coment\u00e1rio de um senhor que disse, apontando para o pal\u00e1cio: &#8220;Su la carta \u00e9 meglio que l&#8217;originale&#8221;. Veneza, Assis, Mil\u00e3o, Siena e Floren\u00e7a sempre me encantam \u2014 tanto quanto na primeira vez em que estive l\u00e1, [&hellip;]<\/p>\n","protected":false},"author":1,"featured_media":0,"parent":0,"menu_order":0,"comment_status":"open","ping_status":"open","template":"gallery_2.php","meta":{"footnotes":""},"class_list":["post-232","page","type-page","status-publish","hentry"],"_links":{"self":[{"href":"https:\/\/jorgeduardo.com.br\/old-site\/wp-json\/wp\/v2\/pages\/232","targetHints":{"allow":["GET"]}}],"collection":[{"href":"https:\/\/jorgeduardo.com.br\/old-site\/wp-json\/wp\/v2\/pages"}],"about":[{"href":"https:\/\/jorgeduardo.com.br\/old-site\/wp-json\/wp\/v2\/types\/page"}],"author":[{"embeddable":true,"href":"https:\/\/jorgeduardo.com.br\/old-site\/wp-json\/wp\/v2\/users\/1"}],"replies":[{"embeddable":true,"href":"https:\/\/jorgeduardo.com.br\/old-site\/wp-json\/wp\/v2\/comments?post=232"}],"version-history":[{"count":10,"href":"https:\/\/jorgeduardo.com.br\/old-site\/wp-json\/wp\/v2\/pages\/232\/revisions"}],"predecessor-version":[{"id":259,"href":"https:\/\/jorgeduardo.com.br\/old-site\/wp-json\/wp\/v2\/pages\/232\/revisions\/259"}],"wp:attachment":[{"href":"https:\/\/jorgeduardo.com.br\/old-site\/wp-json\/wp\/v2\/media?parent=232"}],"curies":[{"name":"wp","href":"https:\/\/api.w.org\/{rel}","templated":true}]}}