{"id":87,"date":"2013-03-22T16:48:22","date_gmt":"2013-03-22T16:48:22","guid":{"rendered":"http:\/\/jorgeduardo.com.br\/old-site\/?page_id=87"},"modified":"2013-03-27T01:32:48","modified_gmt":"2013-03-27T01:32:48","slug":"biografia","status":"publish","type":"page","link":"https:\/\/jorgeduardo.com.br\/old-site\/biografia\/","title":{"rendered":"Biografia"},"content":{"rendered":"<p>Jorge Eduardo nasceu no Rio de Janeiro, em 1936. Aos 20 anos ingressou na Faculdade Nacional de Arquitetura e dois anos depois fez sua primeira viagem internacional. Durante quatro meses ele teve a oportunidade de visitar os principais museus da Fran\u00e7a, Inglaterra, B\u00e9lgica, Holanda e It\u00e1lia. Desta viagem trouxe muitos desenhos e aquarelas dos locais visitados.<\/p>\n<p>Graduou-se em Arquitetura e trabalhou como arquiteto por apenas dois anos. Depois deste curto per\u00edodo abra\u00e7ou outra carreira profissional, a publicidade, onde ficou at\u00e9 1977, sempre em atividades relacionadas \u00e0 dire\u00e7\u00e3o de arte e trabalho criativo.<\/p>\n<p>Pintor autodidata come\u00e7ou sua carreira art\u00edstica em 1972, dedicado a paisagens e florestas imagin\u00e1rias, em desenhos, aquarelas e \u00f3leos. Em 1977, Jorge come\u00e7ou a trabalhar como gerente de marketing em uma grande corpora\u00e7\u00e3o comercial, procurando harmonizar as duas atividades, enquanto desenvolvia sua t\u00e9cnica de pintura.<\/p>\n<p>A partir de 1981, dedicou-se exclusivamente \u00e0 pintura, desenvolvendo um trabalho hiper-realista, focando cenas e paisagens capturadas em suas pr\u00f3prias fotos e ajustando-as para janelas obtidas em demoli\u00e7\u00f5es.<\/p>\n<p>A exposi\u00e7\u00e3o coletiva realizada na FUNARTE \u2013 Funda\u00e7\u00e3o Nacional de Arte, em 1982, chamou a aten\u00e7\u00e3o do marchand Jean Boghici, que j\u00e1 vinha acompanhando a evolu\u00e7\u00e3o de seu trabalho.<\/p>\n<p>Em 1984, participou da exposi\u00e7\u00e3o \u201cRealismo Po\u00e9tico do Rio de Janeiro nos s\u00e9culos 19 e 20 no trabalho de Gustavo Dall\u2019Ara e Jorge Eduardo\u201d, no Copacabana Palace. A exposi\u00e7\u00e3o foi organizada e apresentada por Jean Boghici. Como resultado, Jorge Eduardo recebeu um convite para sua primeira exposi\u00e7\u00e3o internacional, em Paris, na Galerie 1900-2000, sob a<\/p>\n<p>dire\u00e7\u00e3o de Marcel Fleiss. Durante esta exposi\u00e7\u00e3o, que teve lugar em maio de 1986, recebeu a visita do ent\u00e3o presidente franc\u00eas, Fran\u00e7ois Mitterand, ao qual posteriormente presenteou com uma janela do Rio de Janeiro.<\/p>\n<p>Em 1991, ele realizou exposi\u00e7\u00e3o individual na Kouros Gallery, em Nova York, mostrando suas janelas e uma nova cria\u00e7\u00e3o: ilujetos. Seu trabalho \u201cA Big Apple\u201d, um ilujeto representando uma ma\u00e7\u00e3 de ouro, refletindo os pr\u00e9dios de Manhattan em sua superf\u00edcie polida, que viria a ser a capa do convite da exposi\u00e7\u00e3o, foi adquirido pelo Metropolitan Museum of Art, de Nova York.<\/p>\n<p>Em 1995, pintou a obra \u201cBandeira do Brasil\u201d que reproduz a grande bandeira que fica hasteada na Pra\u00e7a dos Tr\u00eas Poderes em Bras\u00edlia.\u00a0 O artista doou a obra ao ent\u00e3o Presidente Fernando Henrique Cardoso, em cerim\u00f4nia<b> <\/b>oficial.<b> \u00a0<\/b>Atualmente a obra acha-se exposta na Sala de Imprensa do Pal\u00e1cio do Planalto, compondo o cen\u00e1rio para pronunciamentos oficiais.<\/p>\n<p>Paralelamente, o artista tamb\u00e9m pinta encomendas de retratos, sempre com base em suas pr\u00f3prias fotos.<\/p>\n<p>Desde que come\u00e7ou a fazer os estudos para suas janelas em aquarela, Jorge Eduardo aperfei\u00e7oou sua t\u00e9cnica de aquarela hiper-realista, o que o levou a realizar o projeto \u201cAquarelas do Brasil\u201d, patrocinado pelo Banco Icatu. \u00a0A partir de 1996, empreendeu viagens pelo Brasil, fotografando praticamente todas as regi\u00f5es, executando um conjunto de 70 aquarelas, posteriormente lan\u00e7adas no livro \u201cAquarelas do Brasil\u201d no Museu Nacional de Belas Artes, juntamente com a exposi\u00e7\u00e3o dos originais.<\/p>\n<p>A partir de 2002 vem-se dedicando a criar \u201cilujetos\u201d de carros. Os 5 primeiros foram expostos pela Galeria Mauricio Pontual na \u201cArt Miami 2003\u201d. Posteriormente pintou uma s\u00e9rie de 9 ilujetos de carros para a Concession\u00e1ria Toyota de Jeddah, na Ar\u00e1bia Saudita. Esse trabalho levou-o ao sul da Fran\u00e7a, onde fotografou o Toyota de F\u00f3rmula 1. No Museu da Toyota em Nagoya, Jap\u00e3o, e em Jeddah fotografou os outros carros.<\/p>\n<p>Atualmente est\u00e1 desenvolvendo projetos para novas janelas, quadros e ilujetos, um deles visando os 450 anos da funda\u00e7\u00e3o do Rio de Janeiro.<\/p>\n","protected":false},"excerpt":{"rendered":"<p>Jorge Eduardo nasceu no Rio de Janeiro, em 1936. Aos 20 anos ingressou na Faculdade Nacional de Arquitetura e dois anos depois fez sua primeira viagem internacional. Durante quatro meses ele teve a oportunidade de visitar os principais museus da Fran\u00e7a, Inglaterra, B\u00e9lgica, Holanda e It\u00e1lia. Desta viagem trouxe muitos desenhos e aquarelas dos locais [&hellip;]<\/p>\n","protected":false},"author":1,"featured_media":0,"parent":0,"menu_order":0,"comment_status":"open","ping_status":"open","template":"page_r.php","meta":{"footnotes":""},"class_list":["post-87","page","type-page","status-publish","hentry"],"_links":{"self":[{"href":"https:\/\/jorgeduardo.com.br\/old-site\/wp-json\/wp\/v2\/pages\/87","targetHints":{"allow":["GET"]}}],"collection":[{"href":"https:\/\/jorgeduardo.com.br\/old-site\/wp-json\/wp\/v2\/pages"}],"about":[{"href":"https:\/\/jorgeduardo.com.br\/old-site\/wp-json\/wp\/v2\/types\/page"}],"author":[{"embeddable":true,"href":"https:\/\/jorgeduardo.com.br\/old-site\/wp-json\/wp\/v2\/users\/1"}],"replies":[{"embeddable":true,"href":"https:\/\/jorgeduardo.com.br\/old-site\/wp-json\/wp\/v2\/comments?post=87"}],"version-history":[{"count":11,"href":"https:\/\/jorgeduardo.com.br\/old-site\/wp-json\/wp\/v2\/pages\/87\/revisions"}],"predecessor-version":[{"id":92,"href":"https:\/\/jorgeduardo.com.br\/old-site\/wp-json\/wp\/v2\/pages\/87\/revisions\/92"}],"wp:attachment":[{"href":"https:\/\/jorgeduardo.com.br\/old-site\/wp-json\/wp\/v2\/media?parent=87"}],"curies":[{"name":"wp","href":"https:\/\/api.w.org\/{rel}","templated":true}]}}